True
Is 966 a multiple of 14?
True
Is 9 a factor of 162?
True
Is 18 a factor of 63918?
True
Is 334 a multiple of 12?
False
Does 57 divide 6498?
True
Is 2 a factor of 1241?
False
Is 13 a factor of 7774?
True
Is 140 a multiple of 140?
True
Does 35 divide 525?
True
Is 5948 a multiple of 10?
False
Does 11 divide 770?
True
Does 39 divide 2340?
True
Is 5 a factor of 897?
False
Is 526 a multiple of 2?
True
Is 115 a factor of 12995?
True
Is 11 a factor of 2002?
True
Does 25 divide 4433?
False
Is 14792 a multiple of 66?
False
Does 7 divide 343?
True
Is 64 a multiple of 8?
True
Is 195 a multiple of 6?
False
Is 30 a factor of 8100?
True
Does 4 divide 1994?
False
Does 5 divide 350?
True
Does 16 divide 10422?
False
Is 1312 a multiple of 41?
True
Does 120 divide 28552?
False
Is 68430 a multiple of 69?
False
Is 18137 a multiple of 43?
False
Does 8 divide 32?
True
Does 93 divide 15670?
False
Does 13 divide 663?
True
Is 6943 a multiple of 39?
False
Does 27 divide 1323?
True
Is 27 a factor of 324?
True
Is 1200 a multiple of 16?
True
Does 17 divide 4505?
True
Is 2000 a multiple of 8?
True
Does 74 divide 718?
False
Does 11 divide 156?
False
Is 48 a factor of 3696?
True
Does 24 divide 397?
False
Is 137 a multiple of 18?
False
Is 12 a factor of 45924?
True
Is 21 even?
False
Is 5774 a multiple of 10?
False
Is 15756 a multiple of 182?
False
Does 11 divide 287?
False
Is 4 a factor of 5839?
False
Is 2341 a multiple of 12?
False
Does 4 divide 380?
True
Is 43 a factor of 817?
True
Is 3 a factor of 207?
True
Is 8 a factor of 273?
False
Is 4828 a multiple of 34?
True
Is 4 a factor of 12?
True
Is 21359 a multiple of 13?
True
Is 33 a factor of 3234?
True
Is 3 a factor of 887?
False
Is 2063 a multiple of 8?
False
Is 13 a factor of 512?
False
Does 2 divide 9320?
True
Is 559 a multiple of 2?
False
Does 40 divide 20558?
False
Does 125 divide 52500?
True
Does 39 divide 6708?
True
Is 114 a factor of 26676?
True
Does 8 divide 21270?
False
Is 16104 a multiple of 11?
True
Is 57 a factor of 1478?
False
Does 5 divide 1603?
False
Does 3 divide 28306?
False
Does 248 divide 16368?
True
Is 218 a factor of 10588?
False
Is 26 a factor of 67236?
True
Is 27 a factor of 7008?
False
Is 372 a multiple of 12?
True
Is 1026 a multiple of 27?
True
Is 8 a factor of 1592?
True
Does 9 divide 6746?
False
Is 12 a factor of 8940?
True
Is 16 a factor of 1184?
True
Does 5 divide 16015?
True
Is 27 a factor of 6707?
False
Does 15 divide 739?
False
Is 7 a factor of 179?
False
Is 1089 a multiple of 33?
True
Is 74 a factor of 16960?
False
Does 28 divide 384?
False
Is 6894 a multiple of 87?
False
Is 4046 a multiple of 17?
True
Is 1298 a multiple of 18?
False
Is 12 a factor of 18?
False
Is 13 a factor of 104974?
False
Is 15 a factor of 47164?
False
Does 22 divide 55585?
False
Is 88 a factor of 968?
True
Is 162 a factor of 19679?
False
Does 132 divide 2487?
False
Is 559 a multiple of 43?
True
Is 3416 a multiple of 14?
True
Is 2246 a multiple of 28?
False
Does 7 divide 3919?
False
Is 42 a factor of 8535?
False
Is 12 a factor of 888?
True
Does 26 divide 234?
True
Is 5 a factor of 16125?
True
Is 92 a factor of 3599?
False
Is 5 a factor of 535?
True
Is 93 a factor of 744?
True
Does 2 divide 90?
True
Is 16 a factor of 1118?
False
Is 1215 a multiple of 4?
False
Is 867 a multiple of 2?
False
Does 14 divide 1414?
True
Is 23 a factor of 2484?
True
Is 47379 a multiple of 90?
False
Is 57 a multiple of 3?
True
Is 5 a factor of 47?
False
Is 6960 a multiple of 48?
True
Does 50 divide 78482?
False
Does 5 divide 48935?
True
Does 28 divide 5722?
False
Is 5528 a multiple of 4?
True
Is 37926 a multiple of 98?
True
Is 443 a multiple of 23?
False
Is 2369 a multiple of 23?
True
Is 49530 a multiple of 26?
True
Is 266 a multiple of 14?
True
Is 624 a multiple of 12?
True
Is 26 a factor of 468?
True
Is 59 a factor of 1427?
False
Is 12 a factor of 22128?
True
Does 6 divide 139?
False
Is 156 a factor of 3120?
True
Is 7 a factor of 7644?
True
Is 6820 a multiple of 10?
True
Is 2397 a multiple of 47?
True
Is 4383 a multiple of 124?
False
Does 36 divide 23739?
False
Does 28 divide 3416?
True
Is 145 a multiple of 29?
True
Does 25 divide 438?
False
Is 54425 a multiple of 25?
True
Is 945 a multiple of 21?
True
Is 14133 a multiple of 54?
False
Is 70 a multiple of 16?
False
Does 98 divide 38318?
True
Is 7 a factor of 289?
False
Is 76 a factor of 1216?
True
Is 9324 a multiple of 18?
True
Is 229 a multiple of 21?
False
Does 58 divide 1048?
False
Is 27 a factor of 4136?
False
Is 2035 a multiple of 16?
False
Is 1018 a multiple of 57?
False
Is 348 a multiple of 58?
True
Is 10 a factor of 861?
False
Is 30 a factor of 1770?
True
Is 13 a factor of 13039?
True
Is 2275 a multiple of 26?
False
Is 46 a factor of 226?
False
Is 100 a multiple of 2?
True
Is 39 a factor of 516?
False
Does 11 divide 24629?
True
Is 11653 a multiple of 18?
False
Is 36 a factor of 15768?
True
Does 9 divide 1838?
False
Does 32 divide 8704?
True
Does 23 divide 35903?
True
Is 96 a multiple of 48?
True
Is 9359 a multiple of 7?
True
Is 10 a factor of 1010?
True
Is 25 a factor of 719?
False
Is 74 a multiple of 2?
True
Is 357 a multiple of 51?
True
Is 83 a factor of 83?
True
Is 278 a factor of 117316?
True
Does 87 divide 48807?
True
Is 63502 a multiple of 101?
False
Is 8680 a multiple of 56?
True
Does 7 divide 1542?
False
Is 16381 a multiple of 33?
False
Is 1395 a multiple of 45?
True
Does 6 divide 36?
True
Is 1088 a multiple of 16?
True
Does 30 divide 283?
False
Does 354 divide 105138?
True
Does 112 divide 1801?
False
Does 47 divide 1269?
True
Does 26 divide 1509?
False
Is 2161 a multiple of 51?
False
Is 30 a factor of 5793?
False
Does 10 divide 12188?
False
Is 42 a factor of 653?
False
Is 3794 a multiple of 47?
False
Does 15 divide 68625?
True
Does 134 divide 20636?
True
Does 15 divide 15612?
False
Is 2755 a multiple of 19?
True
Does 13 divide 31359?
False
Does 90 divide 4419?
False
Is 15496 a multiple of 26?
True
Is 67 a factor of 9380?
True
Is 144 a multiple of 6?
True
Does 28 divide 9753?
False
Is 2720 a multiple of 40?
True
Does 24 divide 16657?
False
Is 14750 a multiple of 59?
True
Is 2328 a multiple of 8?
True
Is 564 a multiple of 8?
False
Is 4 a factor of 2826?
False
Is 32 a factor of 7992?
False
Is 990 a multiple of 45?
True
Does 18 divide 2178?
True
Is 11362 a multiple of 13?
True
Does 103 divide 2781?
True
Is 77 a factor of 1134?
False
Is 4 a factor of 1280?
True
Is 19635 a multiple of 35?
True
Is 438 a factor of 5694?
True
Is 168 a multiple of 2?
True
Is 162 a factor of 20898?
True
Does 4 divide 484?
True
Does 45 divide 3240?
True
Is 40 a factor of 5280?
True
Is 705 a multiple of 97?
False
Does 49 divide 588?
True
Does 22 divide 242?
True
Does 4 divide 1584?
True
Does 17 divide 15249?
True
Does 41 divide 2203?
False
Does 42 divide 4032?
True
Does 15 divide 5475?
True
Is 8755 a multiple of 103?
True
Does 16 divide 254?
False
Is 5330 a multiple of 10?
True
Is 67 a factor of 6583?
False
Is 624 a multiple of 13?
True
Is 245 a multiple of 35?
True
Does 32 divide 20959?
False
Does 16 divide 9141?
False
Does 6 divide 324?
True
Does 2 divide 63?
False
Is 20709 a multiple of 90?
False
Is 5 a factor of 55?
True
Is 58189 a multiple of 47?
False
Is 92 a multiple of 23?
True
Is 100556 a multiple of 144?
False
Does 49 divide 2450?
True
Is 147 a factor of 28371?
True
Is 6545 a multiple of 35?
True
Is 69 a factor of 1358?
False
Does 82 divide 2870?
True
Does 8 divide 736?
True
Is 6048 a multiple of 84?
True
Is 19008 a multiple of 297?
True
Does 103 divide 7313?
True
Is 1749 a multiple of 11?
True
Is 6 a factor of 303?
False
Is 4696 a multiple of 8?
True
Is 227 a multiple of 23?
False
Is 348 a multiple of 7?
False
Does 7 divide 12557?
False
Is 53 a factor of 6837?
True
Is 13 a factor of 195?
True
Is 78 a factor of 8268?
True
Is 627 a multiple of 11?
True
Is 6 a factor of 1368?
True
Is 73 a factor of 6059?
True
Is 25221 a multiple of 18?
False
Does 24 divide 3144?
True
Is 5725 a multiple of 16?
False
Is 9 a factor of 1056?
False
Does 118 divide 10838?
False
Is 28 a factor of 5079?
False
Is 35940 a multiple of 16?
False
Is 71 a factor of 3195?
True
Is 8019 a multiple of 45?
False
Is 100215 a multiple of 45?
True
Is 16 a factor of 6944?
True
Is 6 a factor of 11818?
False
Is 1714 a multiple of 8?
F